g) = g**2 - 14*g. Let h be w(14). Suppose -3*v + h*v = -0*v. Suppose 4*x + 2*q - 11615 - 1047 = 0, v = q - 5. Is x prime?
True
Let t(j) = 4*j**2 + 10*j + 10. Suppose 48 + 7 = -5*h. Let w be t(h). Suppose -1005 = -3*z + 4*x, 630 = 3*z - x - w. Is z composite?
True
Suppose -3*i = a - i - 3, -3*i = -5*a + 28. Suppose 582 = 2*p - 2*y, -4*p - a*y + 1168 = -7*y. Is p prime?
True
Suppose 5*z = 3*z - 8, 0 = w - 4*z - 83. Suppose -3877 = -6*b - w. Is b a prime number?
False
Suppose -i = 4*q - 90, -i + 5*q = -5*i + 382. Suppose 0 = 3*g - i - 109. Is (-1082)/3*g/(-46) prime?
True
Suppose 2*h + 2*w - 64126 = 6*w, 4*h - 128285 = -3*w. Is h a prime number?
True
Is 11 + 2 - 16 - -1672 a composite number?
False
Let y be (-21)/18*-6 - 2/(-2). Is 1476 + -2 + y + -1 a prime number?
True
Let i be 2/(-10) + (-3)/(-15). Let l(k) = k**3 + k**2 - 2*k - 113. Let z be l(i). Let d = z + 182. Is d a prime number?
False
Let o(t) = -t**2 - 37*t - 37. Let r be o(-36). Is 7/r - (41 - 19765) a composite number?
False
Suppose 0 = -4*n + 4, -10*r = -13*r - 5*n + 1176560. Is r prime?
False
Is (-95035510)/(-110) - (-11)/(847/(-14)) a composite number?
False
Let d(j) = -712*j**3 - 3*j**2 - 24*j - 10. Is d(-9) composite?
False
Suppose 160868 + 71034 = 3*q - 69235. Is q a composite number?
False
Let k(y) = -y**3 + 24*y**2 - 24*y + 27. Let x be k(23). Suppose -x*j - 4*s + 7384 = 0, 1831 = j - 4*s + 2*s. Suppose -q + j = 6*q. Is q prime?
True
Is -27 + (-10731)/(-399) - 3563395/(-19) a composite number?
False
Let k = 109624 - 8541. Is k a prime number?
False
Suppose -2*q - 7*t = -2*t - 5, q + t - 4 = 0. Let w = -889 + 893. Is 239701/55 + w/q prime?
False
Let u = -8753 + 6227. Let i be (-44908)/(-10) + 2 - (-17)/85. Let o = i + u. Is o composite?
True
Let c(s) = s + 1. Let l(f) = 4*f**2 + 2*f - 15. Let n(u) = -5*c(u) + l(u). Is n(-9) a composite number?
False
Suppose -11*l + 9*l = -840. Suppose 9*d = -d + l. Suppose 0 = 46*v - d*v - 6628. Is v a prime number?
True
Suppose 9154 = 4*g - 3*j - 47422, 4*g - 56568 = 5*j. Suppose -3*l = -5*n - 14594 - g, -3*l + n = -28757. Is l composite?
False
Suppose 5*f = 3*c + 493, 3*f = -c + 2*c + 167. Suppose -3*i + 2*i + 260 = 3*a, -a = i - 268. Let b = c + i. Is b composite?
True
Suppose 5*a + t = 2*t + 480, 0 = 2*a + 2*t - 180. Let z = -149 - a. Let v = z + 483. Is v a composite number?
False
Let b(i) = -373*i**3 - 2*i**2 - 3*i + 29. Is b(-5) prime?
True
Let z(u) = -u**3 + 18*u**2 + 2*u - 12. Let b be z(18). Suppose -2*a + 4*h + 16 = -2, a - 5*h = b. Is 155 + a + 7 + -4 a composite number?
False
Let n be (-102)/(-21) + 15/105. Let x(q) = q**3 + 9*q**2 - 9*q - 12. Is x(n) prime?
True
Is 14/(336/(-326296))*-3 a composite number?
False
Let g(v) = 52*v**2 + 12*v - 1323. Is g(-38) a composite number?
False
Let t be 9451 - (-1 + 5)/4. Suppose 16010 = 4*f - 5*q - 2854, -2*q + t = 2*f. Is f composite?
False
Let x(s) = 166*s**2 - 34*s + 110. Let k(t) = -333*t**2 + 67*t - 219. Let c(u) = -4*k(u) - 7*x(u). Is c(9) a prime number?
False
Let w = 68009 - 13210. Is w a prime number?
True
Let z = -88 - 2768. Let c = z + 5173. Is c a prime number?
False
Let q be (-4 - -4)*2/(-4). Suppose -o - 11*o + 3732 = q. Is o a prime number?
True
Let v(d) = -49*d**3 - 3*d**2 + d + 7. Let m(y) = -9*y - 58. Let t be m(-6). Is v(t) composite?
True
Let d(z) = -8982*z - 319. Is d(-3) a prime number?
True
Let i(v) = 2121*v**2 + 171*v - 11. Is i(4) prime?
False
Let g = -364 + -84. Suppose 6*k = 15*k - 7047. Let j = g + k. Is j a prime number?
False
Let f be (-4)/(-6)*435/10. Let z = f + -33. Is 1444 + (z + -2)/2 composite?
True
Let z = 106 - 110. Is (-2)/(-13) + (-16423)/(-143) + z a composite number?
True
Let w = -16 + 25. Suppose 2*d - w = 5. Let a = d + 304. Is a composite?
False
Suppose 0 = -4*n, -24*n + 24030 = 5*f - 27*n. Let r = f - 689. Is r a prime number?
False
Suppose 91*i - 620682 = 60*i. Let j = -9829 + i. Is j a prime number?
True
Let z be (-10)/4*(5 + -7). Let n(i) = 2*i + 2 - 2*i**3 + 2 - 4*i**3 - z. Is n(-3) a composite number?
True
Let k be ((-60)/(-70))/(8/28). Is -8 - 3/(k/(-3571)) a composite number?
True
Let k be (-1 + 44/12)*-303. Let a = 77 - k. Suppose 0 = 5*f - 5*m - a, 3*f - 5*m - 821 + 290 = 0. Is f a prime number?
False
Suppose -5*t + 35 = s, 0 = -4*t - 5*s - 14 + 42. Suppose t*u - 194355 = 153734. Is u composite?
False
Let h(k) = 18*k + 55. Let x(v) = v**2 - 10*v + 20. Let a be x(8). Is h(a) prime?
True
Let u(l) = l**3 - 8*l**2 + 7*l + 4. Let y be u(6). Let i = 32 + y. Is 867/i*(-4 + 6) prime?
False
Let h(v) = 170*v**2 - 126*v + 1037. Is h(89) a composite number?
False
Let q = -42 + 45. Suppose 2*b + q*y = 2*y + 5, -y - 7 = -2*b. Is (-2*1/6)/(b/(-6021)) a composite number?
True
Let d(f) = -10*f - 44 + 571 + 688 + 64. Is d(0) composite?
False
Let p(x) be the first derivative of 10*x**3 + 21*x**2/2 - 61*x + 180. Is p(12) prime?
False
Let n(m) = -2*m**2 - 4*m - 2. Let q be n(-2). Let j be q/(-7) + (-282)/(-42) + -4. Suppose 4*t = -2*w + 1394, -j*w - t + 2910 = 804. Is w composite?
True
Let h be -28*520/273*18/10. Let i = 449 + h. Is i composite?
False
Is ((-7)/3 - -4*84/36) + 304324 a composite number?
False
Suppose -1701128 + 11426476 = 40*a - 10769132. Is a a prime number?
False
Is (14 + -3)/((-2 + 160065/80035)*-1) prime?
False
Suppose 2*g + l = -g, -l = 0. Suppose 3*c + 3*m = -18, 2*c + 4*m + g = -18. Is (-4 - -3)*c + 704 prime?
False
Let c(d) = -96*d**2 + d - 7. Let b(m) = 97*m**2 - m + 7. Let w(q) = 3*b(q) + 2*c(q). Suppose -13*x = 6*x + 57. Is w(x) a composite number?
True
Let l = -25 + 22. Let n be l/((9/(-15))/1). Suppose 3*w + 4*f - 263 = 0, 2*w = -0*w - n*f + 173. Is w composite?
False
Suppose -173689 - 169283 = -12*i. Suppose 44*c - i = 37*c. Is c composite?
True
Suppose 3*t - 71635 = -l, -4*l - t = -3*t - 286582. Let b be 2/(-3) + l/(-12). Is (b/42*2)/((-1)/3) prime?
True
Let c(q) = 750*q - 42. Let s be c(18). Suppose 13*i = 10*i + s. Is i a composite number?
True
Suppose 2*r - i = -2*i + 237031, -3*i = -9. Suppose -25*q + 400489 = r. Is q prime?
True
Let i(d) = 2*d**2 + 20*d - 21. Let o be i(-11). Is (o*(-3786)/6)/(-1) a composite number?
False
Suppose 0 = 2*n + 2*y - 2259 - 15047, 4*n + 2*y - 34620 = 0. Is n a prime number?
False
Suppose -82*o + 9080860 = -409*o + 25702597. Is o prime?
False
Let a = 12647 + 53690. Is a prime?
True
Let f(a) be the first derivative of a**3/3 + 5*a**2/2 - 6*a - 24. Let z be f(-6). Suppose 0*g + 2603 = 4*i + 5*g, i + 3*g - 656 = z. Is i a composite number?
False
Suppose 25166*n + 30508 = 25170*n. Is n a composite number?
True
Let t = 1477101 - 412082. Is t a prime number?
True
Suppose -14244 = 87*x - 90*x. Let m = 15099 - x. Is m a prime number?
False
Let a(b) = 130152*b**2 + 170*b - 341. Is a(2) prime?
True
Let v(b) = 2952*b - 7 + 850*b - 143 - 5. Is v(4) composite?
False
Let g be ((-2)/(-4))/(-6 - 208852/(-34808)). Let x = 10272 - g. Is x composite?
True
Let r = 5 + -6. Let x be 5 + r + (-3)/(2 - -1). Suppose 0*w - 3*t - 390 = -w, -1146 = -x*w + t. Is w a prime number?
False
Let d(q) = 77*q - 4. Let j be d(-6). Is -4 - j*(-75)/(-10) prime?
True
Let u = 1119 + -489. Let o be 6514/(-30) + (-156)/(-1170). Let a = o + u. Is a prime?
False
Let a be 11872/6 + 3/9. Let p = 282 + -277. Suppose 0 = -p*d + 3*c + a, -2*d + c + 2*c = -788. Is d prime?
True
Let d = 143579 - -571818. Is d composite?
False
Let q = -32 - -32. Suppose 4*p - 3844 - 20184 = q. Is p composite?
False
Let z(c) = 32*c + 121. Suppose v + 5*x + 22 = 5, -3*x = 2*v - 1. Is z(v) a composite number?
True
Let d be (1 - 0)/1 - -3. Suppose 0 = 6*m - 37 + 19. Suppose 5*c = -2*i + 3783, 1351 = d*c + m*i - 1674. Is c a composite number?
False
Is (510/(-40))/(39/(-230124)) - (-4)/26 a composite number?
True
Let b = -38 - -32. Let c be ((-2)/b)/1 - 488/(-3). Let g = c + -84. Is g composite?
False
Suppose 29*k + 7847457 = 158*k. Is k prime?
False
Suppose 4*c = -3*g + 267016, -66765 = -c + g + g. Is c a composite number?
True
Suppose -299973 = -3*i + 5*v, 0 = 2*i + 5*v - 16883 - 183149. Is i a composite number?
True
Suppose 0 = -8*k + 5341 + 2035. Suppose 0*g - 2 = 2*g, b + 5*g + 296 = 0. Let v = k + b. Is v composite?
False
Suppose -l + o + 32358 = 0, -5*l + 67*o = 70*o - 161830. Is l prime?
True
Let v be 56/40 + ((-15)/(-25))/1. Is (359*-1)/((-200)/(-104) - v) 